{"id":76,"date":"2025-10-03T12:16:24","date_gmt":"2025-10-03T10:16:24","guid":{"rendered":"https:\/\/blog.erlebnis-frankfurt.de\/?page_id=76"},"modified":"2025-10-08T07:19:30","modified_gmt":"2025-10-08T05:19:30","slug":"frankfurts-geschichte","status":"publish","type":"page","link":"https:\/\/www.erlebnis-frankfurt.de\/blog\/frankfurts-geschichte\/","title":{"rendered":"Frankfurts Geschichte"},"content":{"rendered":"<ul class=\"wp-block-latest-posts__list has-dates wp-block-latest-posts\"><li><div class=\"wp-block-latest-posts__featured-image alignleft\"><a href=\"https:\/\/www.erlebnis-frankfurt.de\/blog\/der-gerechtigkeitsbrunnen-wo-frankfurt-sein-herz-zeigt\/\" aria-label=\"Der Gerechtigkeitsbrunnen \u2013 Wo Frankfurt sein Herz zeigt\"><img loading=\"lazy\" decoding=\"async\" width=\"150\" height=\"150\" src=\"https:\/\/www.erlebnis-frankfurt.de\/blog\/wp-content\/uploads\/2025\/10\/stock_01_01-e1759918204704-150x150.jpg\" class=\"attachment-thumbnail size-thumbnail wp-post-image\" alt=\"Gerechtigkeitsbrunnen\" style=\"\" \/><\/a><\/div><a class=\"wp-block-latest-posts__post-title\" href=\"https:\/\/www.erlebnis-frankfurt.de\/blog\/der-gerechtigkeitsbrunnen-wo-frankfurt-sein-herz-zeigt\/\">Der Gerechtigkeitsbrunnen \u2013 Wo Frankfurt sein Herz zeigt<\/a><time datetime=\"2025-10-10T09:42:54+02:00\" class=\"wp-block-latest-posts__post-date\">10. Oktober 2025<\/time><div class=\"wp-block-latest-posts__post-excerpt\">Es gibt Orte, die haben etwas Magisches \u2013 und der R\u00f6merberg ist ganz sicher einer davon. Kaum ein Platz in Frankfurt tr\u00e4gt so viel Geschichte und Leben in sich. Ges\u00e4umt von mehr oder weniger historischen Fachwerkh\u00e4usern, liegt er wie eine\u2026\u00a0<a class=\"wp-block-latest-posts__read-more\" href=\"https:\/\/www.erlebnis-frankfurt.de\/blog\/der-gerechtigkeitsbrunnen-wo-frankfurt-sein-herz-zeigt\/\" rel=\"noopener noreferrer\"><span class=\"screen-reader-text\">Der Gerechtigkeitsbrunnen \u2013 Wo Frankfurt sein Herz zeigt <\/span>weiterlesen<\/a><\/div><\/li>\n<li><div class=\"wp-block-latest-posts__featured-image alignleft\"><a href=\"https:\/\/www.erlebnis-frankfurt.de\/blog\/die-roemerkatzen-kleine-waechter-mit-grosser-geschichte\/\" aria-label=\"Die R\u00f6merkatzen \u2013 kleine W\u00e4chter mit gro\u00dfer Geschichte\"><img loading=\"lazy\" decoding=\"async\" width=\"150\" height=\"150\" src=\"https:\/\/www.erlebnis-frankfurt.de\/blog\/wp-content\/uploads\/2025\/10\/roemer_01-e1759814033150-150x150.jpg\" class=\"attachment-thumbnail size-thumbnail wp-post-image\" alt=\"\" style=\"\" \/><\/a><\/div><a class=\"wp-block-latest-posts__post-title\" href=\"https:\/\/www.erlebnis-frankfurt.de\/blog\/die-roemerkatzen-kleine-waechter-mit-grosser-geschichte\/\">Die R\u00f6merkatzen \u2013 kleine W\u00e4chter mit gro\u00dfer Geschichte<\/a><time datetime=\"2025-05-03T05:40:07+02:00\" class=\"wp-block-latest-posts__post-date\">3. Mai 2025<\/time><div class=\"wp-block-latest-posts__post-excerpt\">Den R\u00f6mer kennt in Frankfurt wohl fast jeder \u2013 keine Frage! Doch wie viele wissen wirklich, welche Geschichte sich hinter dem ber\u00fchmten Rathaus verbirgt? Und wer hat schon bemerkt, dass auf seinem Dach Katzenstatuen thronen \u2013 oder gar herausgefunden, weshalb\u2026\u00a0<a class=\"wp-block-latest-posts__read-more\" href=\"https:\/\/www.erlebnis-frankfurt.de\/blog\/die-roemerkatzen-kleine-waechter-mit-grosser-geschichte\/\" rel=\"noopener noreferrer\"><span class=\"screen-reader-text\">Die R\u00f6merkatzen \u2013 kleine W\u00e4chter mit gro\u00dfer Geschichte <\/span>weiterlesen<\/a><\/div><\/li>\n<li><div class=\"wp-block-latest-posts__featured-image alignleft\"><a href=\"https:\/\/www.erlebnis-frankfurt.de\/blog\/die-ok-steine-am-roemer-wo-frankfurt-ochsen-briet\/\" aria-label=\"Die OK-Steine am R\u00f6mer \u2013 Wo Frankfurt Ochsen briet\"><img loading=\"lazy\" decoding=\"async\" width=\"150\" height=\"150\" src=\"https:\/\/www.erlebnis-frankfurt.de\/blog\/wp-content\/uploads\/2025\/04\/ok-steine_01-e1760951948179-150x150.jpg\" class=\"attachment-thumbnail size-thumbnail wp-post-image\" alt=\"OK Stein\" style=\"\" \/><\/a><\/div><a class=\"wp-block-latest-posts__post-title\" href=\"https:\/\/www.erlebnis-frankfurt.de\/blog\/die-ok-steine-am-roemer-wo-frankfurt-ochsen-briet\/\">Die OK-Steine am R\u00f6mer \u2013 Wo Frankfurt Ochsen briet<\/a><time datetime=\"2025-04-07T09:24:01+02:00\" class=\"wp-block-latest-posts__post-date\">7. April 2025<\/time><div class=\"wp-block-latest-posts__post-excerpt\">Wenn man \u00fcber den R\u00f6merberg in Frankfurt schlendert, fallen einem meist die historischen Fachwerkh\u00e4user, das Rathaus und die Touristenstr\u00f6me auf. Was viele aber \u00fcbersehen, sind die kleinen, unscheinbaren Buchstaben im Pflaster: OK. Ich erinnere mich noch gut an den Moment,\u2026\u00a0<a class=\"wp-block-latest-posts__read-more\" href=\"https:\/\/www.erlebnis-frankfurt.de\/blog\/die-ok-steine-am-roemer-wo-frankfurt-ochsen-briet\/\" rel=\"noopener noreferrer\"><span class=\"screen-reader-text\">Die OK-Steine am R\u00f6mer \u2013 Wo Frankfurt Ochsen briet <\/span>weiterlesen<\/a><\/div><\/li>\n<li><div class=\"wp-block-latest-posts__featured-image alignleft\"><a href=\"https:\/\/www.erlebnis-frankfurt.de\/blog\/der-traum-von-der-hauptstadt-und-der-ueberraschende-dreh\/\" aria-label=\"Der Traum von der Hauptstadt \u2014 und der \u00fcberraschende Dreh\"><img loading=\"lazy\" decoding=\"async\" width=\"150\" height=\"150\" src=\"https:\/\/www.erlebnis-frankfurt.de\/blog\/wp-content\/uploads\/2025\/10\/radio-1594819-scaled-e1759494850193-150x150.jpg\" class=\"attachment-thumbnail size-thumbnail wp-post-image\" alt=\"\" style=\"\" \/><\/a><\/div><a class=\"wp-block-latest-posts__post-title\" href=\"https:\/\/www.erlebnis-frankfurt.de\/blog\/der-traum-von-der-hauptstadt-und-der-ueberraschende-dreh\/\">Der Traum von der Hauptstadt \u2014 und der \u00fcberraschende Dreh<\/a><time datetime=\"2025-01-12T14:24:44+01:00\" class=\"wp-block-latest-posts__post-date\">12. Januar 2025<\/time><div class=\"wp-block-latest-posts__post-excerpt\">Nach dem Zweiten Weltkrieg standen die Westzonen Deutschlands vor der Frage: Wo sollen die neuen Bundesorgane sitzen? Berlin war durch die Teilung ausgeschlossen, und so bewarben sich mehrere St\u00e4dte \u2013 darunter Frankfurt, Bonn, Kassel und Stuttgart \u2013 um die Rolle\u2026\u00a0<a class=\"wp-block-latest-posts__read-more\" href=\"https:\/\/www.erlebnis-frankfurt.de\/blog\/der-traum-von-der-hauptstadt-und-der-ueberraschende-dreh\/\" rel=\"noopener noreferrer\"><span class=\"screen-reader-text\">Der Traum von der Hauptstadt \u2014 und der \u00fcberraschende Dreh <\/span>weiterlesen<\/a><\/div><\/li>\n<\/ul>","protected":false},"excerpt":{"rendered":"","protected":false},"author":1,"featured_media":0,"parent":0,"menu_order":0,"comment_status":"closed","ping_status":"closed","template":"","meta":{"footnotes":""},"class_list":["post-76","page","type-page","status-publish","hentry"],"_links":{"self":[{"href":"https:\/\/www.erlebnis-frankfurt.de\/blog\/wp-json\/wp\/v2\/pages\/76","targetHints":{"allow":["GET"]}}],"collection":[{"href":"https:\/\/www.erlebnis-frankfurt.de\/blog\/wp-json\/wp\/v2\/pages"}],"about":[{"href":"https:\/\/www.erlebnis-frankfurt.de\/blog\/wp-json\/wp\/v2\/types\/page"}],"author":[{"embeddable":true,"href":"https:\/\/www.erlebnis-frankfurt.de\/blog\/wp-json\/wp\/v2\/users\/1"}],"replies":[{"embeddable":true,"href":"https:\/\/www.erlebnis-frankfurt.de\/blog\/wp-json\/wp\/v2\/comments?post=76"}],"version-history":[{"count":4,"href":"https:\/\/www.erlebnis-frankfurt.de\/blog\/wp-json\/wp\/v2\/pages\/76\/revisions"}],"predecessor-version":[{"id":206,"href":"https:\/\/www.erlebnis-frankfurt.de\/blog\/wp-json\/wp\/v2\/pages\/76\/revisions\/206"}],"wp:attachment":[{"href":"https:\/\/www.erlebnis-frankfurt.de\/blog\/wp-json\/wp\/v2\/media?parent=76"}],"curies":[{"name":"wp","href":"https:\/\/api.w.org\/{rel}","templated":true}]}}